{"id":504,"date":"2022-12-13T12:20:52","date_gmt":"2022-12-13T12:20:52","guid":{"rendered":"https:\/\/turismobaterno.es\/?page_id=504"},"modified":"2023-08-16T20:49:01","modified_gmt":"2023-08-16T19:49:01","slug":"agenda","status":"publish","type":"page","link":"https:\/\/turismosiruela.es\/?page_id=504","title":{"rendered":"Agenda"},"content":{"rendered":"<p>[et_pb_section fb_built=&#8221;1&#8243; disabled_on=&#8221;on|on|on&#8221; admin_label=&#8221;CABECERA PARA PC SOBREMESA SIRUELA&#8221; _builder_version=&#8221;4.19.1&#8243; _module_preset=&#8221;default&#8221; custom_margin=&#8221;||6px|||&#8221; custom_padding=&#8221;0px|||||&#8221; saved_tabs=&#8221;all&#8221; collapsed=&#8221;off&#8221; global_colors_info=&#8221;{}&#8221; disabled=&#8221;on&#8221;][et_pb_row _builder_version=&#8221;4.19.1&#8243; _module_preset=&#8221;default&#8221; width=&#8221;100%&#8221; custom_padding=&#8221;0px|||||&#8221; global_colors_info=&#8221;{}&#8221;][et_pb_column type=&#8221;4_4&#8243; _builder_version=&#8221;4.19.1&#8243; _module_preset=&#8221;default&#8221; global_colors_info=&#8221;{}&#8221;][et_pb_image src=&#8221;https:\/\/turismosiruela.es\/wp-content\/uploads\/2023\/08\/pc-a-app_.jpg&#8221; title_text=&#8221;pc a app_&#8221; align=&#8221;center&#8221; _builder_version=&#8221;4.19.1&#8243; _module_preset=&#8221;default&#8221; border_radii=&#8221;on|15px|15px|15px|15px&#8221; box_shadow_style=&#8221;preset2&#8243; global_colors_info=&#8221;{}&#8221;][\/et_pb_image][et_pb_text _builder_version=&#8221;4.19.1&#8243; _module_preset=&#8221;default&#8221; global_colors_info=&#8221;{}&#8221;]<\/p>\n<p style=\"text-align: center;\">Para disfrutar del contenido accede a esta url a trav\u00e9s de un dispositivo m\u00f3vil (smartphone o tablet).<\/p>\n<p style=\"text-align: center;\">Est\u00e1 dise\u00f1ado para vivir la experiencia aqu\u00ed en Siruela.<\/p>\n<p style=\"text-align: center;\">La mayor\u00eda del contenido estar\u00e1 disponible SOLO en tu visita a nuestro pueblo.<\/p>\n<p style=\"text-align: center;\">\u00a1Ven, te estamos esperando!<\/p>\n<p style=\"text-align: center;\">\n<p>[\/et_pb_text][et_pb_divider show_divider=&#8221;off&#8221; _builder_version=&#8221;4.19.1&#8243; _module_preset=&#8221;default&#8221; global_colors_info=&#8221;{}&#8221;][\/et_pb_divider][\/et_pb_column][\/et_pb_row][et_pb_row _builder_version=&#8221;4.19.1&#8243; _module_preset=&#8221;default&#8221; background_color=&#8221;RGBA(255,255,255,0)&#8221; custom_margin=&#8221;0px||||false|false&#8221; custom_padding=&#8221;0px|||||&#8221; global_colors_info=&#8221;{}&#8221;][et_pb_column type=&#8221;4_4&#8243; _builder_version=&#8221;4.19.1&#8243; _module_preset=&#8221;default&#8221; global_colors_info=&#8221;{}&#8221;][et_pb_button button_url=&#8221;https:\/\/www.google.com\/maps\/place\/Ayuntamiento+de+Siruela\/@38.9758343,-5.0501159,19z\/data=!3m1!5s0xd6b334f7b75301f:0x93b492205f36f04b!4m12!1m5!3m4!2zMzjCsDU3JzIyLjUiTiA0wrA1NCczNy45Ilc!8m2!3d38.95625!4d-4.9105278!3m5!1s0xd6b334f62b3f3fb:0x407a1c6da61ab993!8m2!3d38.9756533!4d-5.0497011!16s%2Fg%2F12qglgw2l?entry=ttu&#8221; button_text=&#8221;D\u00d3NDE ESTAMOS&#8221; button_alignment=&#8221;center&#8221; _builder_version=&#8221;4.19.1&#8243; _module_preset=&#8221;default&#8221; custom_margin=&#8221;-17px|||||&#8221; global_colors_info=&#8221;{}&#8221;][\/et_pb_button][et_pb_divider show_divider=&#8221;off&#8221; _builder_version=&#8221;4.19.1&#8243; _module_preset=&#8221;default&#8221; global_colors_info=&#8221;{}&#8221;][\/et_pb_divider][et_pb_text _builder_version=&#8221;4.19.1&#8243; _module_preset=&#8221;default&#8221; global_colors_info=&#8221;{}&#8221;]<\/p>\n<p style=\"text-align: center;\">Un aperitivo de lo que encontrar\u00e1s en Siruela:<\/p>\n<p>[\/et_pb_text][et_pb_gallery gallery_ids=&#8221;3318,3338,3242,3329&#8243; show_title_and_caption=&#8221;off&#8221; show_pagination=&#8221;off&#8221; _builder_version=&#8221;4.19.1&#8243; _module_preset=&#8221;default&#8221; pagination_font_size=&#8221;14px&#8221; border_radii_image=&#8221;on|15px|15px|15px|15px&#8221; box_shadow_style_image=&#8221;preset2&#8243; global_colors_info=&#8221;{}&#8221;][\/et_pb_gallery][\/et_pb_column][\/et_pb_row][\/et_pb_section][et_pb_section fb_built=&#8221;1&#8243; disabled_on=&#8221;off|off|off&#8221; _builder_version=&#8221;4.19.1&#8243; _module_preset=&#8221;default&#8221; custom_margin=&#8221;||6px|||&#8221; custom_padding=&#8221;0px|||||&#8221; global_colors_info=&#8221;{}&#8221;][et_pb_row _builder_version=&#8221;4.19.1&#8243; _module_preset=&#8221;default&#8221; width=&#8221;100%&#8221; custom_padding=&#8221;0px|||||&#8221; global_colors_info=&#8221;{}&#8221;][et_pb_column type=&#8221;4_4&#8243; _builder_version=&#8221;4.19.1&#8243; _module_preset=&#8221;default&#8221; global_colors_info=&#8221;{}&#8221;][et_pb_image src=&#8221;https:\/\/turismosiruela.es\/wp-content\/uploads\/2023\/07\/4_TURISTICO.jpg&#8221; title_text=&#8221;4_TURISTICO&#8221; align=&#8221;center&#8221; _builder_version=&#8221;4.19.1&#8243; _module_preset=&#8221;default&#8221; global_colors_info=&#8221;{}&#8221;][\/et_pb_image][\/et_pb_column][\/et_pb_row][et_pb_row _builder_version=&#8221;4.19.1&#8243; _module_preset=&#8221;default&#8221; custom_padding=&#8221;0px|||||&#8221; global_colors_info=&#8221;{}&#8221;][et_pb_column type=&#8221;4_4&#8243; _builder_version=&#8221;4.19.1&#8243; _module_preset=&#8221;default&#8221; global_colors_info=&#8221;{}&#8221;][et_pb_text _builder_version=&#8221;4.19.1&#8243; _module_preset=&#8221;default&#8221; global_colors_info=&#8221;{}&#8221;]<\/p>\n<p style=\"text-align: justify;\">Aqu\u00ed descubrir\u00e1s las fiestas m\u00e1s importantes de nuestro pueblo a las cuales tienes ya la invitaci\u00f3n para venir a disfrutarlas con nosotros.<\/p>\n<p style=\"text-align: justify;\">\u00a1Te esperamos en Siruela!<\/p>\n<p>[\/et_pb_text][\/et_pb_column][\/et_pb_row][et_pb_row _builder_version=&#8221;4.19.1&#8243; _module_preset=&#8221;default&#8221; custom_padding=&#8221;0px|||||&#8221; global_colors_info=&#8221;{}&#8221;][et_pb_column type=&#8221;4_4&#8243; _builder_version=&#8221;4.19.1&#8243; _module_preset=&#8221;default&#8221; global_colors_info=&#8221;{}&#8221;][et_pb_image src=&#8221;https:\/\/turismosiruela.es\/wp-content\/uploads\/2023\/07\/142_.jpg&#8221; title_text=&#8221;_-142_&#8221; align=&#8221;center&#8221; _builder_version=&#8221;4.19.1&#8243; _module_preset=&#8221;default&#8221; border_radii=&#8221;on|15px|15px|15px|15px&#8221; box_shadow_style=&#8221;preset2&#8243; global_colors_info=&#8221;{}&#8221;][\/et_pb_image][\/et_pb_column][\/et_pb_row][et_pb_row _builder_version=&#8221;4.19.1&#8243; _module_preset=&#8221;default&#8221; background_color=&#8221;rgba(56,131,193,0.2)&#8221; custom_margin=&#8221;0px||||false|false&#8221; custom_padding=&#8221;0px|||||&#8221; global_colors_info=&#8221;{}&#8221;][et_pb_column type=&#8221;4_4&#8243; _builder_version=&#8221;4.19.1&#8243; _module_preset=&#8221;default&#8221; global_colors_info=&#8221;{}&#8221;][et_pb_text _builder_version=&#8221;4.19.1&#8243; _module_preset=&#8221;default&#8221; custom_margin=&#8221;30px||||false|false&#8221; global_colors_info=&#8221;{}&#8221;]<\/p>\n<h4 style=\"padding-left: 40px;\">MAYO<\/h4>\n<p>[\/et_pb_text][et_pb_toggle title=&#8221;Las Cruces&#8221; closed_toggle_background_color=&#8221;rgba(56,131,193,0.2)&#8221; icon_color=&#8221;rgba(56,131,193,0.85)&#8221; toggle_icon=&#8221;&#xf107;||fa||900&#8243; open_icon_color=&#8221;rgba(56,131,193,0.85)&#8221; open_toggle_icon=&#8221;&#xf106;||fa||900&#8243; _builder_version=&#8221;4.19.1&#8243; _module_preset=&#8221;default&#8221; width=&#8221;90%&#8221; module_alignment=&#8221;center&#8221; custom_margin=&#8221;||||false|false&#8221; custom_css_main_element=&#8221;border-radius: 15px;&#8221; border_width_all=&#8221;0px&#8221; border_color_all=&#8221;rgba(56,131,193,0.85)&#8221; global_colors_info=&#8221;{}&#8221;]<\/p>\n<table>\n<tbody>\n<tr style=\"font-size: 70%;\">\n<td>\ud83d\udcc5 3 Mayo<\/td>\n<td>\ud83d\udccd Calles<\/td>\n<\/tr>\n<tr>\n<td colspan=\"2\"><img loading=\"lazy\" decoding=\"async\" src=\"https:\/\/turismosiruela.es\/wp-content\/uploads\/2023\/07\/159_.jpg\" alt=\"\" class=\"wp-image-52 alignnone size-medium\" style=\"display: block; margin-left: auto; margin-right: auto;\" width=\"250\" height=\"250\" \/><\/td>\n<\/tr>\n<tr>\n<td colspan=\"2\">Repartidas en diversos enclaves del pueblo, se instalan cruces de flores y adornos florales para conmemorar esta festividad religiosa.<\/p>\n<p>Una tradici\u00f3n que inunda las calles de nuestro pueblo de estupendos olores y brillantes colores.<\/p>\n<p>\u00a1Probablemente no hayas visto nada igual!<\/td>\n<\/tr>\n<\/tbody>\n<\/table>\n<p>&nbsp;[\/et_pb_toggle][et_pb_toggle title=&#8221;San Isidro&#8221; closed_toggle_background_color=&#8221;rgba(56,131,193,0.2)&#8221; icon_color=&#8221;rgba(56,131,193,0.85)&#8221; toggle_icon=&#8221;&#xf107;||fa||900&#8243; open_icon_color=&#8221;rgba(56,131,193,0.85)&#8221; open_toggle_icon=&#8221;&#xf106;||fa||900&#8243; _builder_version=&#8221;4.19.1&#8243; _module_preset=&#8221;default&#8221; width=&#8221;90%&#8221; module_alignment=&#8221;center&#8221; custom_margin=&#8221;||||false|false&#8221; custom_css_main_element=&#8221;border-radius: 15px;&#8221; border_width_all=&#8221;0px&#8221; border_color_all=&#8221;rgba(56,131,193,0.85)&#8221; global_colors_info=&#8221;{}&#8221;]<\/p>\n<p>&nbsp;<\/p>\n<table>\n<tbody>\n<tr style=\"font-size: 70%;\">\n<td>\ud83d\udcc5 15 Mayo<\/td>\n<td>\ud83d\udccd Ermita V. Altagracia<\/td>\n<\/tr>\n<tr>\n<td colspan=\"2\"><img loading=\"lazy\" decoding=\"async\" src=\"https:\/\/turismosiruela.es\/wp-content\/uploads\/2023\/07\/144_.jpg\" alt=\"\" class=\"wp-image-52 alignnone size-medium\" style=\"display: block; margin-left: auto; margin-right: auto;\" width=\"250\" height=\"250\" \/><\/td>\n<\/tr>\n<tr>\n<td colspan=\"2\">\n<p>Esta romer\u00eda tiene lugar en la Ermita de Ntra. Sra. de Altagracia, es una recuperaci\u00f3n de una fiesta tradicional donde antiguamente los agricultores invitaban al pueblo a dulces y vino.<\/p>\n<p>Actualmente, tras la misa y procesi\u00f3n en honor a san Isidro, el Ayuntamiento con la colaboraci\u00f3n de asociaciones, empresas y la Comisi\u00f3n de Festejos, invita a todo el pueblo de Siruela y sus visitantes a un aperitivo.<\/p>\n<\/td>\n<\/tr>\n<\/tbody>\n<\/table>\n<p>[\/et_pb_toggle][\/et_pb_column][\/et_pb_row][et_pb_row _builder_version=&#8221;4.19.1&#8243; _module_preset=&#8221;default&#8221; global_colors_info=&#8221;{}&#8221;][et_pb_column type=&#8221;4_4&#8243; _builder_version=&#8221;4.19.1&#8243; _module_preset=&#8221;default&#8221; global_colors_info=&#8221;{}&#8221;][et_pb_divider divider_position=&#8221;center&#8221; _builder_version=&#8221;4.19.1&#8243; _module_preset=&#8221;default&#8221; global_colors_info=&#8221;{}&#8221;][\/et_pb_divider][\/et_pb_column][\/et_pb_row][et_pb_row _builder_version=&#8221;4.19.1&#8243; _module_preset=&#8221;default&#8221; background_color=&#8221;rgba(56,131,193,0.1)&#8221; custom_margin=&#8221;0px||||false|false&#8221; custom_padding=&#8221;0px|||||&#8221; global_colors_info=&#8221;{}&#8221;][et_pb_column type=&#8221;4_4&#8243; _builder_version=&#8221;4.19.1&#8243; _module_preset=&#8221;default&#8221; global_colors_info=&#8221;{}&#8221;][et_pb_text _builder_version=&#8221;4.19.1&#8243; _module_preset=&#8221;default&#8221; custom_margin=&#8221;30px||||false|false&#8221; global_colors_info=&#8221;{}&#8221;]<\/p>\n<h4 style=\"padding-left: 40px;\">JUNIO<\/h4>\n<p>[\/et_pb_text][et_pb_toggle title=&#8221;Feria Ganadera&#8221; closed_toggle_background_color=&#8221;rgba(56,131,193,0.2)&#8221; icon_color=&#8221;rgba(56,131,193,0.85)&#8221; toggle_icon=&#8221;&#xf107;||fa||900&#8243; open_icon_color=&#8221;rgba(56,131,193,0.85)&#8221; open_toggle_icon=&#8221;&#xf106;||fa||900&#8243; _builder_version=&#8221;4.19.1&#8243; _module_preset=&#8221;default&#8221; width=&#8221;90%&#8221; module_alignment=&#8221;center&#8221; custom_margin=&#8221;||||false|false&#8221; custom_css_main_element=&#8221;border-radius: 15px;&#8221; border_width_all=&#8221;0px&#8221; border_color_all=&#8221;rgba(56,131,193,0.85)&#8221; global_colors_info=&#8221;{}&#8221;]<\/p>\n<table style=\"height: 530px;\">\n<tbody>\n<tr style=\"font-size: 70%;\">\n<td style=\"height: 16px; width: 162.817px;\">\ud83d\udcc5 Primer Fin de Semana<\/td>\n<td style=\"height: 16px; width: 120.183px;\">\ud83d\udccd Diversos puntos<\/td>\n<\/tr>\n<tr style=\"height: 250px;\">\n<td colspan=\"2\" style=\"height: 250px; width: 289px;\"><img loading=\"lazy\" decoding=\"async\" src=\"https:\/\/turismosiruela.es\/wp-content\/uploads\/2023\/07\/148_.jpg\" alt=\"\" class=\"wp-image-52 alignnone size-medium\" style=\"display: block; margin-left: auto; margin-right: auto;\" width=\"250\" height=\"250\" \/><\/td>\n<\/tr>\n<tr style=\"height: 264px;\">\n<td colspan=\"2\" style=\"height: 264px; width: 289px;\">\n<p>Siruela cuenta con m\u00e1s de 90.000 cabezas de oveja merina censadas, siendo la mayor caba\u00f1a merina del pa\u00eds, lo que convierte a este municipio en referente dentro de la ganader\u00eda ovina.<\/p>\n<p>Durante los d\u00edas de Feria, tienen lugar subastas, exposiciones de reses y concursos morfol\u00f3gicos, as\u00ed como tambi\u00e9n actividades culturales y actuaciones musicales.<\/p>\n<p>Tambi\u00e9n se habilita una zona de expositores para empresas y asociaciones.<\/p>\n<\/td>\n<\/tr>\n<\/tbody>\n<\/table>\n<p>&nbsp;<\/p>\n<p>[\/et_pb_toggle][\/et_pb_column][\/et_pb_row][et_pb_row _builder_version=&#8221;4.19.1&#8243; _module_preset=&#8221;default&#8221; global_colors_info=&#8221;{}&#8221;][et_pb_column type=&#8221;4_4&#8243; _builder_version=&#8221;4.19.1&#8243; _module_preset=&#8221;default&#8221; global_colors_info=&#8221;{}&#8221;][et_pb_divider divider_position=&#8221;center&#8221; _builder_version=&#8221;4.19.1&#8243; _module_preset=&#8221;default&#8221; global_colors_info=&#8221;{}&#8221;][\/et_pb_divider][\/et_pb_column][\/et_pb_row][et_pb_row _builder_version=&#8221;4.19.1&#8243; _module_preset=&#8221;default&#8221; background_color=&#8221;rgba(56,131,193,0.2)&#8221; custom_margin=&#8221;0px||||false|false&#8221; custom_padding=&#8221;0px|||||&#8221; global_colors_info=&#8221;{}&#8221;][et_pb_column type=&#8221;4_4&#8243; _builder_version=&#8221;4.19.1&#8243; _module_preset=&#8221;default&#8221; global_colors_info=&#8221;{}&#8221;][et_pb_text _builder_version=&#8221;4.19.1&#8243; _module_preset=&#8221;default&#8221; custom_margin=&#8221;30px||||false|false&#8221; global_colors_info=&#8221;{}&#8221;]<\/p>\n<h4 style=\"padding-left: 40px;\">AGOSTO<\/h4>\n<p>[\/et_pb_text][et_pb_toggle title=&#8221;Ntra. Sra, Altagracia&#8221; closed_toggle_background_color=&#8221;rgba(56,131,193,0.2)&#8221; icon_color=&#8221;rgba(56,131,193,0.85)&#8221; toggle_icon=&#8221;&#xf107;||fa||900&#8243; open_icon_color=&#8221;rgba(56,131,193,0.85)&#8221; open_toggle_icon=&#8221;&#xf106;||fa||900&#8243; _builder_version=&#8221;4.19.1&#8243; _module_preset=&#8221;default&#8221; width=&#8221;90%&#8221; module_alignment=&#8221;center&#8221; custom_margin=&#8221;||||false|false&#8221; custom_css_main_element=&#8221;border-radius: 15px;&#8221; border_width_all=&#8221;0px&#8221; border_color_all=&#8221;rgba(56,131,193,0.85)&#8221; global_colors_info=&#8221;{}&#8221;]<\/p>\n<p>&nbsp;<\/p>\n<table>\n<tbody>\n<tr style=\"font-size: 70%;\">\n<td>\ud83d\udcc5 13-a6 Agosto<\/td>\n<td>\ud83d\udccd Ermita y Plaza<\/td>\n<\/tr>\n<tr>\n<td colspan=\"2\"><img loading=\"lazy\" decoding=\"async\" src=\"https:\/\/turismosiruela.es\/wp-content\/uploads\/2023\/07\/147_.jpg\" alt=\"\" class=\"wp-image-52 alignnone size-medium\" style=\"display: block; margin-left: auto; margin-right: auto;\" width=\"250\" height=\"250\" \/><\/td>\n<\/tr>\n<tr>\n<td colspan=\"2\">\n<p>Las fiestas dan comienzo con la bajada de la Virgen el d\u00eda 13, desde la Ermita hasta la Iglesia del pueblo, empezando a su vez la tradicional Novena hasta el d\u00eda 23 de agosto, en el que se sube a la Virgen de nuevo a la Ermita.<\/p>\n<p>Durante estos d\u00edas, tienen lugar diferentes actividades culturales, eventos deportivos, orquestas y actuaciones musicales.<\/p>\n<\/td>\n<\/tr>\n<\/tbody>\n<\/table>\n<p>[\/et_pb_toggle][\/et_pb_column][\/et_pb_row][et_pb_row _builder_version=&#8221;4.19.1&#8243; _module_preset=&#8221;default&#8221; global_colors_info=&#8221;{}&#8221;][et_pb_column type=&#8221;4_4&#8243; _builder_version=&#8221;4.19.1&#8243; _module_preset=&#8221;default&#8221; global_colors_info=&#8221;{}&#8221;][et_pb_divider divider_position=&#8221;center&#8221; _builder_version=&#8221;4.19.1&#8243; _module_preset=&#8221;default&#8221; global_colors_info=&#8221;{}&#8221;][\/et_pb_divider][\/et_pb_column][\/et_pb_row][et_pb_row _builder_version=&#8221;4.19.1&#8243; _module_preset=&#8221;default&#8221; background_color=&#8221;rgba(56,131,193,0.1)&#8221; custom_margin=&#8221;0px||||false|false&#8221; custom_padding=&#8221;0px|||||&#8221; global_colors_info=&#8221;{}&#8221;][et_pb_column type=&#8221;4_4&#8243; _builder_version=&#8221;4.19.1&#8243; _module_preset=&#8221;default&#8221; global_colors_info=&#8221;{}&#8221;][et_pb_text _builder_version=&#8221;4.19.1&#8243; _module_preset=&#8221;default&#8221; custom_margin=&#8221;30px||||false|false&#8221; global_colors_info=&#8221;{}&#8221;]<\/p>\n<h4 style=\"padding-left: 40px;\">SEPTIEMBRE<\/h4>\n<p>[\/et_pb_text][et_pb_toggle title=&#8221;Fiestas de Siruela&#8221; closed_toggle_background_color=&#8221;rgba(56,131,193,0.2)&#8221; icon_color=&#8221;rgba(56,131,193,0.85)&#8221; toggle_icon=&#8221;&#xf107;||fa||900&#8243; open_icon_color=&#8221;rgba(56,131,193,0.85)&#8221; open_toggle_icon=&#8221;&#xf106;||fa||900&#8243; _builder_version=&#8221;4.19.1&#8243; _module_preset=&#8221;default&#8221; width=&#8221;90%&#8221; module_alignment=&#8221;center&#8221; custom_margin=&#8221;||||false|false&#8221; custom_css_main_element=&#8221;border-radius: 15px;&#8221; border_width_all=&#8221;0px&#8221; border_color_all=&#8221;rgba(56,131,193,0.85)&#8221; global_colors_info=&#8221;{}&#8221;]&nbsp;<\/p>\n<table>\n<tbody>\n<tr style=\"font-size: 70%;\">\n<td>\ud83d\udcc5 7-12 Septiembre<\/td>\n<td>\ud83d\udccd Calles<\/td>\n<\/tr>\n<tr>\n<td colspan=\"2\"><img loading=\"lazy\" decoding=\"async\" src=\"https:\/\/turismosiruela.es\/wp-content\/uploads\/2023\/07\/fiestas_.jpg\" alt=\"\" class=\"wp-image-52 alignnone size-medium\" style=\"display: block; margin-left: auto; margin-right: auto;\" width=\"250\" height=\"250\" \/><\/td>\n<\/tr>\n<tr>\n<td colspan=\"2\">El preg\u00f3n y el posterior reparto de sangr\u00eda inauguran, la noche del 7, estas fiestas conocidas popularmente como &#8220;los toros&#8221;.<\/p>\n<p>El d\u00eda 8 tiene lugar la romer\u00eda a la Ermita de Ntra. Sra. de Altagracia, donde muchos vecinos y vecinas se acercan con sus caballos. Tras la misa y procesi\u00f3n en honor a la patrona, las pe\u00f1as del pueblo disfrutan de una agradable jornada de campo en los alrededores de la Ermita.<\/p>\n<p>Una de las peculiaridades de estas fiestas es el montaje de la Plaza de Toros por parte de todo el pueblo, mediante la instalaci\u00f3n de carros, tablaos y remolques alrededor del foso, la ma\u00f1ana del d\u00eda 9. Los festejos taurinos dan comienzo el d\u00eda 10 a las 8 de la ma\u00f1ana, con la vaquilla del aguardiente, hasta el d\u00eda 12.<\/p>\n<p>Por supuesto, no pueden faltar cada noche las orquestas para amenizar la verbena.<\/td>\n<\/tr>\n<tr>\n<td colspan=\"2\"><img loading=\"lazy\" decoding=\"async\" src=\"https:\/\/turismosiruela.es\/wp-content\/uploads\/2023\/07\/145.jpg\" alt=\"\" class=\"wp-image-52 alignnone size-medium\" style=\"display: block; margin-left: auto; margin-right: auto;\" width=\"250\" height=\"250\" \/><\/td>\n<\/tr>\n<\/tbody>\n<\/table>\n<p>&nbsp;[\/et_pb_toggle][\/et_pb_column][\/et_pb_row][et_pb_row _builder_version=&#8221;4.19.1&#8243; _module_preset=&#8221;default&#8221; background_color=&#8221;#FFFFFF&#8221; positioning=&#8221;fixed&#8221; position_origin_f=&#8221;bottom_center&#8221; vertical_offset=&#8221;0px&#8221; z_index=&#8221;350&#8243; width=&#8221;100%&#8221; max_width=&#8221;2560px&#8221; height=&#8221;90px&#8221; custom_margin=&#8221;10px|auto||auto||&#8221; custom_padding=&#8221;0px||||false|false&#8221; global_colors_info=&#8221;{}&#8221;][et_pb_column type=&#8221;4_4&#8243; _builder_version=&#8221;4.19.1&#8243; _module_preset=&#8221;default&#8221; background_color=&#8221;#FFFFFF&#8221; positioning=&#8221;fixed&#8221; position_origin_f=&#8221;bottom_center&#8221; vertical_offset=&#8221;0px&#8221; z_index=&#8221;150&#8243; global_colors_info=&#8221;{}&#8221;][et_pb_code _builder_version=&#8221;4.19.1&#8243; _module_preset=&#8221;default&#8221; background_color=&#8221;#FFFFFF&#8221; positioning=&#8221;fixed&#8221; position_origin_f=&#8221;bottom_center&#8221; vertical_offset=&#8221;-10px&#8221; z_index=&#8221;500&#8243; text_orientation=&#8221;center&#8221; height=&#8221;70px&#8221; custom_margin=&#8221;||||false|false&#8221; custom_padding=&#8221;||||false|false&#8221; global_colors_info=&#8221;{}&#8221;]<\/p>\n<div class=\"et_pb_button_module_wrapper et_pb_button_0_wrapper et_pb_module\"><!-- [et_pb_line_break_holder] -->\t<a class=\"et_pb_button et_pb_button_0 et_pb_bg_layout_light\" href=\"javascript: history.go(-1)\">Atr\u00e1s<\/a><!-- [et_pb_line_break_holder] --><\/div>\n<p><!-- [et_pb_line_break_holder] -->[\/et_pb_code][\/et_pb_column][\/et_pb_row][et_pb_row _builder_version=&#8221;4.19.1&#8243; _module_preset=&#8221;default&#8221; global_colors_info=&#8221;{}&#8221;][et_pb_column type=&#8221;4_4&#8243; _builder_version=&#8221;4.19.1&#8243; _module_preset=&#8221;default&#8221; global_colors_info=&#8221;{}&#8221;][et_pb_divider divider_position=&#8221;center&#8221; _builder_version=&#8221;4.19.1&#8243; _module_preset=&#8221;default&#8221; global_colors_info=&#8221;{}&#8221;][\/et_pb_divider][\/et_pb_column][\/et_pb_row][et_pb_row _builder_version=&#8221;4.19.1&#8243; _module_preset=&#8221;default&#8221; background_color=&#8221;rgba(56,131,193,0.1)&#8221; custom_margin=&#8221;0px||||false|false&#8221; custom_padding=&#8221;0px|||||&#8221; global_colors_info=&#8221;{}&#8221;][et_pb_column type=&#8221;4_4&#8243; _builder_version=&#8221;4.19.1&#8243; _module_preset=&#8221;default&#8221; global_colors_info=&#8221;{}&#8221;][et_pb_text _builder_version=&#8221;4.19.1&#8243; _module_preset=&#8221;default&#8221; custom_margin=&#8221;30px||||false|false&#8221; global_colors_info=&#8221;{}&#8221;]<\/p>\n<h4 style=\"padding-left: 40px;\">NOVIEMBRE<\/h4>\n<p>[\/et_pb_text][et_pb_toggle title=&#8221;D\u00eda del b\u00f3digo&#8221; closed_toggle_background_color=&#8221;rgba(56,131,193,0.2)&#8221; icon_color=&#8221;rgba(56,131,193,0.85)&#8221; toggle_icon=&#8221;&#xf107;||fa||900&#8243; open_icon_color=&#8221;rgba(56,131,193,0.85)&#8221; open_toggle_icon=&#8221;&#xf106;||fa||900&#8243; _builder_version=&#8221;4.19.1&#8243; _module_preset=&#8221;default&#8221; width=&#8221;90%&#8221; module_alignment=&#8221;center&#8221; custom_margin=&#8221;||||false|false&#8221; custom_css_main_element=&#8221;border-radius: 15px;&#8221; border_width_all=&#8221;0px&#8221; border_color_all=&#8221;rgba(56,131,193,0.85)&#8221; global_colors_info=&#8221;{}&#8221;]<\/p>\n<p>&nbsp;<\/p>\n<table>\n<tbody>\n<tr style=\"font-size: 70%;\">\n<td>\ud83d\udcc5 1 Noviembre<\/td>\n<td>\ud83d\udccd Campo<\/td>\n<\/tr>\n<tr>\n<td colspan=\"2\"><img loading=\"lazy\" decoding=\"async\" src=\"https:\/\/turismosiruela.es\/wp-content\/uploads\/2023\/07\/bodigos-La-Pajarona.jpg\" alt=\"\" class=\"wp-image-52 alignnone size-medium\" style=\"display: block; margin-left: auto; margin-right: auto;\" width=\"250\" height=\"250\" \/><\/td>\n<\/tr>\n<tr>\n<td colspan=\"2\">Todo el pueblo sale al campo a celebrar esta festividad, donde no puede faltar un bodigo para comer. \u00c9ste consiste en un pan relleno de carne y productos de matanza, cubierto de az\u00facar, almendras y huevo duro y cocido en horno de le\u00f1a.<\/td>\n<\/tr>\n<\/tbody>\n<\/table>\n<p>&nbsp;<\/p>\n<p>[\/et_pb_toggle][\/et_pb_column][\/et_pb_row][et_pb_row _builder_version=&#8221;4.19.1&#8243; _module_preset=&#8221;default&#8221; global_colors_info=&#8221;{}&#8221;][et_pb_column type=&#8221;4_4&#8243; _builder_version=&#8221;4.19.1&#8243; _module_preset=&#8221;default&#8221; global_colors_info=&#8221;{}&#8221;][et_pb_divider divider_position=&#8221;center&#8221; _builder_version=&#8221;4.19.1&#8243; _module_preset=&#8221;default&#8221; global_colors_info=&#8221;{}&#8221;][\/et_pb_divider][\/et_pb_column][\/et_pb_row][et_pb_row _builder_version=&#8221;4.19.1&#8243; _module_preset=&#8221;default&#8221; custom_padding=&#8221;0px|||||&#8221; global_colors_info=&#8221;{}&#8221;][et_pb_column type=&#8221;4_4&#8243; _builder_version=&#8221;4.19.1&#8243; _module_preset=&#8221;default&#8221; global_colors_info=&#8221;{}&#8221;][et_pb_image src=&#8221;https:\/\/turismosiruela.es\/wp-content\/uploads\/2023\/07\/155_.jpg&#8221; title_text=&#8221;_-155_&#8221; align=&#8221;center&#8221; _builder_version=&#8221;4.19.1&#8243; _module_preset=&#8221;default&#8221; border_radii=&#8221;on|15px|15px|15px|15px&#8221; box_shadow_style=&#8221;preset2&#8243; global_colors_info=&#8221;{}&#8221;][\/et_pb_image][\/et_pb_column][\/et_pb_row][\/et_pb_section]<\/p>\n","protected":false},"excerpt":{"rendered":"<p>Para disfrutar del contenido accede a esta url a trav\u00e9s de un dispositivo m\u00f3vil (smartphone o tablet). Est\u00e1 dise\u00f1ado para vivir la experiencia aqu\u00ed en Siruela. La mayor\u00eda del contenido estar\u00e1 disponible SOLO en tu visita a nuestro pueblo. \u00a1Ven, te estamos esperando! Un aperitivo de lo que encontrar\u00e1s en Siruela:Aqu\u00ed descubrir\u00e1s las fiestas m\u00e1s [&hellip;]<\/p>\n","protected":false},"author":2,"featured_media":0,"parent":0,"menu_order":0,"comment_status":"closed","ping_status":"closed","template":"","meta":{"_acf_changed":false,"_et_pb_use_builder":"on","_et_pb_old_content":"","_et_gb_content_width":"","footnotes":""},"class_list":["post-504","page","type-page","status-publish","hentry"],"acf":[],"_links":{"self":[{"href":"https:\/\/turismosiruela.es\/index.php?rest_route=\/wp\/v2\/pages\/504","targetHints":{"allow":["GET"]}}],"collection":[{"href":"https:\/\/turismosiruela.es\/index.php?rest_route=\/wp\/v2\/pages"}],"about":[{"href":"https:\/\/turismosiruela.es\/index.php?rest_route=\/wp\/v2\/types\/page"}],"author":[{"embeddable":true,"href":"https:\/\/turismosiruela.es\/index.php?rest_route=\/wp\/v2\/users\/2"}],"replies":[{"embeddable":true,"href":"https:\/\/turismosiruela.es\/index.php?rest_route=%2Fwp%2Fv2%2Fcomments&post=504"}],"version-history":[{"count":67,"href":"https:\/\/turismosiruela.es\/index.php?rest_route=\/wp\/v2\/pages\/504\/revisions"}],"predecessor-version":[{"id":3894,"href":"https:\/\/turismosiruela.es\/index.php?rest_route=\/wp\/v2\/pages\/504\/revisions\/3894"}],"wp:attachment":[{"href":"https:\/\/turismosiruela.es\/index.php?rest_route=%2Fwp%2Fv2%2Fmedia&parent=504"}],"curies":[{"name":"wp","href":"https:\/\/api.w.org\/{rel}","templated":true}]}}