{"id":460,"date":"2022-12-13T11:43:01","date_gmt":"2022-12-13T11:43:01","guid":{"rendered":"https:\/\/turismobaterno.es\/?page_id=460"},"modified":"2023-07-20T09:45:53","modified_gmt":"2023-07-20T08:45:53","slug":"rutas-geolocalizadas","status":"publish","type":"page","link":"https:\/\/turismosiruela.es\/?page_id=460","title":{"rendered":"Rutas y senderos"},"content":{"rendered":"<p>[et_pb_section fb_built=&#8221;1&#8243; disabled_on=&#8221;on|on|off&#8221; admin_label=&#8221;CABECERA PARA PC SOBREMESA SIRUELA&#8221; _builder_version=&#8221;4.19.1&#8243; _module_preset=&#8221;default&#8221; custom_margin=&#8221;||6px|||&#8221; custom_padding=&#8221;0px|||||&#8221; saved_tabs=&#8221;all&#8221; collapsed=&#8221;on&#8221; global_colors_info=&#8221;{}&#8221;][et_pb_row _builder_version=&#8221;4.19.1&#8243; _module_preset=&#8221;default&#8221; width=&#8221;100%&#8221; custom_padding=&#8221;0px|||||&#8221; global_colors_info=&#8221;{}&#8221;][et_pb_column type=&#8221;4_4&#8243; _builder_version=&#8221;4.19.1&#8243; _module_preset=&#8221;default&#8221; global_colors_info=&#8221;{}&#8221;][et_pb_image src=&#8221;https:\/\/turismosiruela.es\/wp-content\/uploads\/2023\/07\/pc-to-app_.jpg&#8221; title_text=&#8221;pc to app_&#8221; align=&#8221;center&#8221; _builder_version=&#8221;4.19.1&#8243; _module_preset=&#8221;default&#8221; border_radii=&#8221;on|15px|15px|15px|15px&#8221; box_shadow_style=&#8221;preset2&#8243; global_colors_info=&#8221;{}&#8221;][\/et_pb_image][et_pb_text _builder_version=&#8221;4.19.1&#8243; _module_preset=&#8221;default&#8221; global_colors_info=&#8221;{}&#8221;]<\/p>\n<p style=\"text-align: center;\">Para disfrutar del contenido accede a esta url a trav\u00e9s de un dispositivo m\u00f3vil (smartphone o tablet).<\/p>\n<p style=\"text-align: center;\">Est\u00e1 dise\u00f1ado para vivirlo directamente en Siruela. Por ello la mayor\u00eda del contenido estar\u00e1 disponible en tu visita a nuestro pueblo. Ser\u00e1 una gran experiencia. \u00a1Ven, te estamos esperando!<\/p>\n<p style=\"text-align: center;\">[\/et_pb_text][et_pb_divider show_divider=&#8221;off&#8221; _builder_version=&#8221;4.19.1&#8243; _module_preset=&#8221;default&#8221; global_colors_info=&#8221;{}&#8221;][\/et_pb_divider][\/et_pb_column][\/et_pb_row][et_pb_row _builder_version=&#8221;4.19.1&#8243; _module_preset=&#8221;default&#8221; background_color=&#8221;RGBA(255,255,255,0)&#8221; custom_margin=&#8221;0px||||false|false&#8221; custom_padding=&#8221;0px|||||&#8221; global_colors_info=&#8221;{}&#8221;][et_pb_column type=&#8221;4_4&#8243; _builder_version=&#8221;4.19.1&#8243; _module_preset=&#8221;default&#8221; global_colors_info=&#8221;{}&#8221;][et_pb_button button_url=&#8221;https:\/\/www.google.com\/maps\/place\/Ayuntamiento+de+Siruela\/@38.9758343,-5.0501159,19z\/data=!3m1!5s0xd6b334f7b75301f:0x93b492205f36f04b!4m12!1m5!3m4!2zMzjCsDU3JzIyLjUiTiA0wrA1NCczNy45Ilc!8m2!3d38.95625!4d-4.9105278!3m5!1s0xd6b334f62b3f3fb:0x407a1c6da61ab993!8m2!3d38.9756533!4d-5.0497011!16s%2Fg%2F12qglgw2l?entry=ttu&#8221; button_text=&#8221;D\u00d3NDE ESTAMOS&#8221; button_alignment=&#8221;center&#8221; _builder_version=&#8221;4.19.1&#8243; _module_preset=&#8221;default&#8221; custom_margin=&#8221;-17px|||||&#8221; global_colors_info=&#8221;{}&#8221;][\/et_pb_button][et_pb_divider show_divider=&#8221;off&#8221; _builder_version=&#8221;4.19.1&#8243; _module_preset=&#8221;default&#8221; global_colors_info=&#8221;{}&#8221;][\/et_pb_divider][et_pb_text _builder_version=&#8221;4.19.1&#8243; _module_preset=&#8221;default&#8221; global_colors_info=&#8221;{}&#8221;]<\/p>\n<p style=\"text-align: center;\">Un aperitivo de lo que encontrar\u00e1s en Siruela:<\/p>\n<p>[\/et_pb_text][et_pb_gallery gallery_ids=&#8221;3318,3338,3242,3329&#8243; show_title_and_caption=&#8221;off&#8221; show_pagination=&#8221;off&#8221; _builder_version=&#8221;4.19.1&#8243; _module_preset=&#8221;default&#8221; pagination_font_size=&#8221;14px&#8221; border_radii_image=&#8221;on|15px|15px|15px|15px&#8221; box_shadow_style_image=&#8221;preset2&#8243; global_colors_info=&#8221;{}&#8221;][\/et_pb_gallery][\/et_pb_column][\/et_pb_row][\/et_pb_section][et_pb_section fb_built=&#8221;1&#8243; disabled_on=&#8221;off|off|on&#8221; _builder_version=&#8221;4.19.1&#8243; _module_preset=&#8221;default&#8221; custom_padding=&#8221;0px|||||&#8221; collapsed=&#8221;off&#8221; global_colors_info=&#8221;{}&#8221;][et_pb_row _builder_version=&#8221;4.19.1&#8243; _module_preset=&#8221;default&#8221; position_origin_f=&#8221;top_center&#8221; vertical_offset=&#8221;0px&#8221; z_index=&#8221;500&#8243; width=&#8221;100%&#8221; custom_padding=&#8221;0px|||||&#8221; global_colors_info=&#8221;{}&#8221;][et_pb_column type=&#8221;4_4&#8243; _builder_version=&#8221;4.19.1&#8243; _module_preset=&#8221;default&#8221; global_colors_info=&#8221;{}&#8221;][et_pb_image src=&#8221;https:\/\/turismosiruela.es\/wp-content\/uploads\/2023\/07\/2_RUTA.jpg&#8221; title_text=&#8221;2_RUTA&#8221; align=&#8221;center&#8221; force_fullwidth=&#8221;on&#8221; _builder_version=&#8221;4.19.1&#8243; _module_preset=&#8221;default&#8221; global_colors_info=&#8221;{}&#8221;][\/et_pb_image][\/et_pb_column][\/et_pb_row][et_pb_row _builder_version=&#8221;4.19.1&#8243; _module_preset=&#8221;default&#8221; custom_padding=&#8221;0px|||||&#8221; global_colors_info=&#8221;{}&#8221;][et_pb_column type=&#8221;4_4&#8243; _builder_version=&#8221;4.19.1&#8243; _module_preset=&#8221;default&#8221; global_colors_info=&#8221;{}&#8221;][et_pb_text _builder_version=&#8221;4.19.1&#8243; _module_preset=&#8221;default&#8221; hover_enabled=&#8221;0&#8243; global_colors_info=&#8221;{}&#8221; sticky_enabled=&#8221;0&#8243;]<\/p>\n<p>El entorno de Siruela ofrece una amplia gama de posibilidades para el disfrute de actividades al aire libre, y la m\u00e1s extendida es el treking y el senderismo.<br \/><o:p><\/o:p><\/p>\n<p>[\/et_pb_text][et_pb_image src=&#8221;https:\/\/turismosiruela.es\/wp-content\/uploads\/2023\/07\/169.jpg&#8221; _builder_version=&#8221;4.19.1&#8243; _module_preset=&#8221;default&#8221; title_text=&#8221;_-169&#8243; hover_enabled=&#8221;0&#8243; sticky_enabled=&#8221;0&#8243; align=&#8221;center&#8221; border_radii=&#8221;on|15px|15px|15px|15px&#8221; box_shadow_style=&#8221;preset2&#8243;][\/et_pb_image][et_pb_text _builder_version=&#8221;4.19.1&#8243; _module_preset=&#8221;default&#8221; hover_enabled=&#8221;0&#8243; global_colors_info=&#8221;{}&#8221; sticky_enabled=&#8221;0&#8243;]<\/p>\n<p>Son numerosos los caminos y veredas que rodean el t\u00e9rmino municipal de Siruela. Utilizados desde anta\u00f1o como v\u00eda de comunicaci\u00f3n con otros pueblos o para mover el ganado transhumante, hoy son recorridos tambi\u00e9n, en pie o bici, por todas aquellas personas que desean estar en contacto con la naturaleza a la vez que practican deporte.<o:p><\/o:p><\/p>\n<p>[\/et_pb_text][et_pb_accordion open_toggle_text_color=&#8221;#382b1c&#8221; closed_toggle_background_color=&#8221;rgba(56,131,193,0.2)&#8221; module_id=&#8221;cesta&#8221; _builder_version=&#8221;4.19.1&#8243; _module_preset=&#8221;default&#8221; custom_margin=&#8221;10px||||false|false&#8221; border_radii=&#8221;on|15px|15px|15px|15px&#8221; box_shadow_style=&#8221;preset2&#8243; global_colors_info=&#8221;{}&#8221;][et_pb_accordion_item title=&#8221;Ll\u00e9vate lo mejor&#8221; open=&#8221;on&#8221; _builder_version=&#8221;4.19.1&#8243; _module_preset=&#8221;default&#8221; custom_margin=&#8221;30px||||false|false&#8221; global_colors_info=&#8221;{}&#8221;]Ya sabes el dicho \u201cuna imagen vale m\u00e1s que mil palabras\u201d y para que te lleves las <b>mejores im\u00e1genes<\/b> a lo largo de la ruta te indicaremos los puntos desde los cuales puedes conseguir una magn\u00edfica instant\u00e1nea.<\/p>\n<p style=\"text-align: center;\"><img loading=\"lazy\" decoding=\"async\" src=\"https:\/\/turismosiruela.es\/wp-content\/uploads\/2022\/12\/photographer-16022_1280.jpg\" alt=\"\" class=\"wp-image-937 alignnone size-medium\" width=\"300\" height=\"200\" \/><\/p>\n<p style=\"text-align: left;\">Y si compartes tus fotos con tus amigos a trav\u00e9s de redes sociales no olvides etiquetarlas con <a name=\"_Hlk126539779\"><\/a><b>#turismosiruela<\/b> y <b>#venasiruela<\/b><\/p>\n<p style=\"text-align: center;\">[\/et_pb_accordion_item][\/et_pb_accordion][et_pb_code _builder_version=&#8221;4.19.1&#8243; _module_preset=&#8221;default&#8221; hover_enabled=&#8221;0&#8243; global_colors_info=&#8221;{}&#8221; sticky_enabled=&#8221;0&#8243;]<head><!-- [et_pb_line_break_holder] -->    <\/p>\n<style><!-- [et_pb_line_break_holder] -->    ul {<!-- [et_pb_line_break_holder] -->      list-style-type: none;<!-- [et_pb_line_break_holder] -->      padding: 0;<!-- [et_pb_line_break_holder] -->      margin: 0;<!-- [et_pb_line_break_holder] -->    }<!-- [et_pb_line_break_holder] -->    ul.b {<!-- [et_pb_line_break_holder] -->      list-style-position: inside;<!-- [et_pb_line_break_holder] -->    }<!-- [et_pb_line_break_holder] -->    lu {<!-- [et_pb_line_break_holder] -->      background: url('https:\/\/turismobaterno.es\/wp-content\/uploads\/2023\/02\/Baterno_ico_15.png') no-repeat left center;<!-- [et_pb_line_break_holder] -->      padding-left: 25px;<!-- [et_pb_line_break_holder] -->    }  <!-- [et_pb_line_break_holder] -->    <!-- [et_pb_line_break_holder] -->    <\/style>\n<p><!-- [et_pb_line_break_holder] --><\/head><!-- [et_pb_line_break_holder] --><body><!-- [et_pb_line_break_holder] -->     <!-- [et_pb_line_break_holder] -->  <P>Hemos definido y marcado varias rutas muy especiales en nuestro t\u00e9rmino municipal, para que puedas disfrutar de la riqueza de su variedad:<\/pee><!-- [et_pb_line_break_holder] --><!-- [et_pb_line_break_holder] --><pee><!-- [et_pb_line_break_holder] -->  RUTAS HOMOLOGADAS POR LA FEXME (Federaci\u00f3n Extreme\u00f1a de Monta\u00f1a y Escalada):<!-- [et_pb_line_break_holder] --><\/pee><!-- [et_pb_line_break_holder] -->  <\/p>\n<ul class=\"b\"><!-- [et_pb_line_break_holder] -->        <lu>Senda de la Ca\u00f1ada de las Urracas. <\/lu><!\u2013- [et_pb_br_holder] -\u2013><!-- [et_pb_line_break_holder] -->        <lu>Senda de la Sierra de Siruela.<\/lu><!\u2013- [et_pb_br_holder] -\u2013><!-- [et_pb_line_break_holder] -->     <\/ul>\n<p><!-- [et_pb_line_break_holder] -->    <!-- [et_pb_line_break_holder] --><pee><!-- [et_pb_line_break_holder] -->  RUTAS SE\u00d1ALIZADAS (ideal para familias: distancia menor de 10 km y escasa dificultad):<!-- [et_pb_line_break_holder] -->    <\/pee><!-- [et_pb_line_break_holder] -->  <\/p>\n<ul class=\"b\"> <!-- [et_pb_line_break_holder] -->        <lu>Ruta Siruela-Sierra de Palo.<\/lu><!\u2013- [et_pb_br_holder] -\u2013><!-- [et_pb_line_break_holder] -->     \t\t<lu>Ruta de la Ermita de Ntra. Sra. de Altagracia.<\/lu><!\u2013- [et_pb_br_holder] -\u2013><!-- [et_pb_line_break_holder] -->     \t\t<lu>Camino a Guadalupe.<\/lu><!\u2013- [et_pb_br_holder] -\u2013><!-- [et_pb_line_break_holder] -->  <\/ul>\n<p><!-- [et_pb_line_break_holder] -->  <pee>A continuaci\u00f3n te damos una breve rese\u00f1a de cada una de ellas:<\/pee><!-- [et_pb_line_break_holder] --><\/body>[\/et_pb_code][\/et_pb_column][\/et_pb_row][et_pb_row _builder_version=&#8221;4.19.1&#8243; _module_preset=&#8221;default&#8221; custom_padding=&#8221;0px|||||&#8221; global_colors_info=&#8221;{}&#8221;][et_pb_column type=&#8221;4_4&#8243; _builder_version=&#8221;4.19.1&#8243; _module_preset=&#8221;default&#8221; global_colors_info=&#8221;{}&#8221;][et_pb_accordion open_toggle_text_color=&#8221;#382b1c&#8221; open_toggle_background_color=&#8221;#FFFFFF&#8221; closed_toggle_background_color=&#8221;rgba(56,131,193,0.2)&#8221; _builder_version=&#8221;4.19.1&#8243; _module_preset=&#8221;default&#8221; custom_margin=&#8221;0px||||false|false&#8221; border_radii=&#8221;on|15px|15px|15px|15px&#8221; box_shadow_style=&#8221;preset2&#8243; global_colors_info=&#8221;{}&#8221;][et_pb_accordion_item title=&#8221;Senda de la Ca\u00f1ada de Las Urracas&#8221; open=&#8221;on&#8221; _builder_version=&#8221;4.19.1&#8243; _module_preset=&#8221;default&#8221; custom_margin=&#8221;30px||||false|false&#8221; global_colors_info=&#8221;{}&#8221;]Ramal de la Ca\u00f1ada Real Segoviana en la que, hacia el mes de noviembre, se celebra la &#8221; Fiesta de la Trasterminancia. Durante la misma se acompa\u00f1a, a pie o a caballo, a un reba\u00f1o de ovejas merinas negras, cabras retintas y veratas, todas ellas razas aut\u00f3ctonas y en peligro de extinci\u00f3n, as\u00ed como algunos ejemplares de burro andaluz.<\/p>\n<p>Esta actividad, que cada a\u00f1o recibe m\u00e1s participantes, tiene un doble objetivo: por un lado, reivindicar la actividad trashumante que ha sido tan importante a Io largo de la historia para el pueblo de Siruela, reivindicando as\u00ed el uso de las v\u00edas pecuarias y, por otro, dar a conocer las labores del ganadero, muchas veces olvidadas o denostadas.<\/p>\n<p>&nbsp;<\/p>\n<p style=\"text-align: center;\"><img loading=\"lazy\" decoding=\"async\" src=\"https:\/\/turismosiruela.es\/wp-content\/uploads\/2023\/07\/148_.jpg\" alt=\"\" class=\"wp-image-1446 alignnone size-medium\" width=\"300\" height=\"69\" \/><\/p>\n<p>[\/et_pb_accordion_item][et_pb_accordion_item title=&#8221;Senda de la Sierra de Siruela&#8221; _builder_version=&#8221;4.19.1&#8243; _module_preset=&#8221;default&#8221; custom_margin=&#8221;30px||||false|false&#8221; global_colors_info=&#8221;{}&#8221; open=&#8221;off&#8221;]Ruta que discurre entre de Siruela y Garlitos. A trav\u00e9s de ella, llegamos al mirador de la Motilla que nos ofrece unas incre\u00edbles vistas de la fauna y la flora de la sierra: madro\u00f1os, encinas, quejigales, coscojares, brezales, lentisco, romero, \u2014etc. aportan variedad al paisaje de los pinares.<\/p>\n<p>Dada su altitud (940 metros), se pueden divisar pueblos cercanos y el brazo del embalse de La Serena. Para los amantes de las aves, este es un lugar clave para observar ejemplares de Buitre Leonado, Buitre Negro o \u00c1guila Perdicera.<\/p>\n<p><o:p><\/o:p><\/p>\n<p style=\"text-align: center;\"><img loading=\"lazy\" decoding=\"async\" src=\"https:\/\/turismosiruela.es\/wp-content\/uploads\/2023\/07\/165_.jpg\" alt=\"\" class=\"wp-image-1448 alignnone size-medium\" width=\"300\" height=\"300\" \/><\/p>\n<p>[\/et_pb_accordion_item][et_pb_accordion_item title=&#8221;Ruta Siruela-Sierra de Palo&#8221; _builder_version=&#8221;4.19.1&#8243; _module_preset=&#8221;default&#8221; custom_margin=&#8221;30px||||false|false&#8221; global_colors_info=&#8221;{}&#8221; open=&#8221;off&#8221;]Se\u00f1alizada mediante postes de madera con flechas. Caminando entre olivos y alcornoques, llegamos a la Ermita de Ntra. Sra. de Altagracia. La parada all\u00ed es obligada para visitar el templo, refrescarnos con el agua de la viga que baja de la sierra y reponer fuerzas en los merenderos cercanos a ella.<\/p>\n<p>Continuamos la marcha por el camino que aparece entre dos robustos alcornoques y, siguiendo la se\u00f1alizaci\u00f3n, llegaremos hasta una pista asfaltada que nos conducir\u00e1 hasta la carretera de Tamurejo, donde tomaremos el camino paralelo a la misma hasta entrar en Siruela.<br \/>\n<o:p><\/o:p><\/p>\n<p style=\"text-align: center;\"><img loading=\"lazy\" decoding=\"async\" src=\"https:\/\/turismosiruela.es\/wp-content\/uploads\/2023\/07\/arbol-ruta_-226x300.jpg\" alt=\"\" class=\"wp-image-1448 alignnone size-medium\" width=\"300\" height=\"300\" \/><\/p>\n<p>[\/et_pb_accordion_item][et_pb_accordion_item title=&#8221;Ruta de la Ermita de Ntra. Sra. de Altagracia&#8221; _builder_version=&#8221;4.19.1&#8243; _module_preset=&#8221;default&#8221; custom_margin=&#8221;30px||||false|false&#8221; global_colors_info=&#8221;{}&#8221; open=&#8221;off&#8221;]Es perfecta para disfrutar de un agradable paseo y conocer uno de los lugares m\u00e1s emblem\u00e1ticos de Siruela. En direcci\u00f3n Tamurejo, encontramos un camino paralelo a la carretera que nos lleva hasta la v\u00eda que une Siruela con la Ermita de su patrona.<\/p>\n<p><img loading=\"lazy\" decoding=\"async\" src=\"https:\/\/turismosiruela.es\/wp-content\/uploads\/2023\/07\/166_.jpg\" alt=\"\" class=\"wp-image-1449 alignnone size-medium\" style=\"display: block; margin-left: auto; margin-right: auto;\" width=\"300\" height=\"220\" \/>[\/et_pb_accordion_item][et_pb_accordion_item title=&#8221;Caminos a Guadalupe&#8221; _builder_version=&#8221;4.19.1&#8243; _module_preset=&#8221;default&#8221; custom_margin=&#8221;30px||||false|false&#8221; global_colors_info=&#8221;{}&#8221; open=&#8221;off&#8221;]A\u00f1o tras a\u00f1o, miles de peregrinos se dirigen hacia Guadalupe para visitar a la patrona de Extremadura. Gracias al proyecto ITINERE 1337, se han conseguido recuperar 12 caminos de peregrinaci\u00f3n al Monasterio de Guadalupe, abarcando tres Comunidades Aut\u00f3nomas (Extremadura, Castilla-La Mancha y Madrid) y atravesando un total de 367 pueblos. Entre ellos se encuentra Siruela, perteneciente al Camino de los Mineros, cuyo origen se sit\u00faa en la cercana localidad de Almad\u00e9n. En el siguiente enlace pod\u00e9is consultar todos los datos de este camino, descargar los tracks y mapas de cada etapa as\u00ed como conocer m\u00e1s acerca de este proyecto.<\/p>\n<p><img loading=\"lazy\" decoding=\"async\" src=\"https:\/\/turismosiruela.es\/wp-content\/uploads\/2023\/07\/186_camino-mineros.jpg-630x367-1.jpg\" alt=\"\" class=\"wp-image-1449 alignnone size-medium\" style=\"display: block; margin-left: auto; margin-right: auto;\" width=\"300\" height=\"220\" \/>[\/et_pb_accordion_item][\/et_pb_accordion][\/et_pb_column][\/et_pb_row][et_pb_row _builder_version=&#8221;4.19.1&#8243; _module_preset=&#8221;default&#8221; background_color=&#8221;#FFFFFF&#8221; positioning=&#8221;fixed&#8221; position_origin_f=&#8221;bottom_center&#8221; z_index=&#8221;350&#8243; width=&#8221;100%&#8221; max_width=&#8221;2560px&#8221; height=&#8221;70px&#8221; custom_padding=&#8221;0px|||||&#8221; global_colors_info=&#8221;{}&#8221;][et_pb_column type=&#8221;4_4&#8243; _builder_version=&#8221;4.19.1&#8243; _module_preset=&#8221;default&#8221; global_colors_info=&#8221;{}&#8221;][et_pb_code _builder_version=&#8221;4.19.1&#8243; _module_preset=&#8221;default&#8221; positioning=&#8221;fixed&#8221; position_origin_f=&#8221;bottom_center&#8221; vertical_offset=&#8221;20px&#8221; z_index=&#8221;500&#8243; global_colors_info=&#8221;{}&#8221;]<\/p>\n<div class=\"et_pb_button_module_wrapper et_pb_button_0_wrapper et_pb_module\"><!-- [et_pb_line_break_holder] -->\t<a class=\"et_pb_button et_pb_button_0 et_pb_bg_layout_light\" href=\"javascript: history.go(-1)\">Atr\u00e1s<\/a><!-- [et_pb_line_break_holder] --><\/div>\n<p>[\/et_pb_code][\/et_pb_column][\/et_pb_row][\/et_pb_section]<\/p>\n","protected":false},"excerpt":{"rendered":"<p>Para disfrutar del contenido accede a esta url a trav\u00e9s de un dispositivo m\u00f3vil (smartphone o tablet). Est\u00e1 dise\u00f1ado para vivirlo directamente en Siruela. Por ello la mayor\u00eda del contenido estar\u00e1 disponible en tu visita a nuestro pueblo. Ser\u00e1 una gran experiencia. \u00a1Ven, te estamos esperando! Un aperitivo de lo que encontrar\u00e1s en Siruela:El entorno [&hellip;]<\/p>\n","protected":false},"author":2,"featured_media":0,"parent":0,"menu_order":0,"comment_status":"closed","ping_status":"closed","template":"","meta":{"_acf_changed":false,"_et_pb_use_builder":"on","_et_pb_old_content":"","_et_gb_content_width":"","footnotes":""},"class_list":["post-460","page","type-page","status-publish","hentry"],"acf":[],"_links":{"self":[{"href":"https:\/\/turismosiruela.es\/index.php?rest_route=\/wp\/v2\/pages\/460","targetHints":{"allow":["GET"]}}],"collection":[{"href":"https:\/\/turismosiruela.es\/index.php?rest_route=\/wp\/v2\/pages"}],"about":[{"href":"https:\/\/turismosiruela.es\/index.php?rest_route=\/wp\/v2\/types\/page"}],"author":[{"embeddable":true,"href":"https:\/\/turismosiruela.es\/index.php?rest_route=\/wp\/v2\/users\/2"}],"replies":[{"embeddable":true,"href":"https:\/\/turismosiruela.es\/index.php?rest_route=%2Fwp%2Fv2%2Fcomments&post=460"}],"version-history":[{"count":52,"href":"https:\/\/turismosiruela.es\/index.php?rest_route=\/wp\/v2\/pages\/460\/revisions"}],"predecessor-version":[{"id":3574,"href":"https:\/\/turismosiruela.es\/index.php?rest_route=\/wp\/v2\/pages\/460\/revisions\/3574"}],"wp:attachment":[{"href":"https:\/\/turismosiruela.es\/index.php?rest_route=%2Fwp%2Fv2%2Fmedia&parent=460"}],"curies":[{"name":"wp","href":"https:\/\/api.w.org\/{rel}","templated":true}]}}